10 + -7))?
6
Evaluate -16 + (5 - 1) - -4.
-8
Evaluate 11 + (0 - 0) - (2 + -5).
14
Evaluate (35 - (-2 - -10)) + -16.
11
What is the value of (-7 - (16 + -4 - (-17 - -15))) + 2?
-19
What is 20 - (15 + -28 - -20)?
13
What is (-27 - (-19 - -8)) + 5 + (1 - 10)?
-20
What is the value of (38 + -13 - 5 - 13) + 2 + 0?
9
What is the value of -33 + 0 + -10 + -10 + 9 + 16?
-28
What is the value of (325 - 346) + (2 - -8)?
-11
27 - (2 + 29) - -14
10
Evaluate 0 + (1 - (1 - 7)) + 8014 + -8007.
14
Calculate (3 - (0 - 1)) + (-161 - -168).
11
-397 + 406 + (10 - (-1 + 3))
17
Calculate (-3 - -3 - -13) + 12 + (0 - 15).
10
What is (-14 - -21) + -7 + -1 + 9?
8
What is the value of -3 + -9 + 6 + 25 + -10 + 2?
11
What is the value of 1 - (-9 - (-4 + -4) - -11)?
-9
Calculate 8 - (30 - (24 - 13)).
-11
What is the value of -757 - -723 - (0 + -19)?
-15
39 + -42 - 10 - (-23 - 1)
11
What is the value of -62 - -72 - (0 - 7 - -14)?
3
-14 + 17 + (-18 - -9)
-6
Evaluate -9 + (-1 - -7) + (-6 - 3) + 13.
1
Calculate -30 - (8 + -32) - (-1 - (2 + 2)).
-1
What is 6 + 42 + -41 + -7 + 1?
1
Calculate -5 + -2 + -1 - 4.
-12
What is the value of 17 + 2 - (10 + -6) - -5?
20
Evaluate 13 + (-11 - -3) + -12 + -9.
-16
Evaluate (-13 - (1 - 12)) + 21.
19
Calculate -7 + 3 - (-9 + 7).
-2
(605 - 608) + (6 - (1 + 1 + -2))
3
(17 - 25) + (-1 + 0 - -18) + 7
16
What is the value of -14 + 28 + (-1 - 16) + 31?
28
0 + (39 - 57) - 7
-25
What is -6 - (3 + (-4 - -3))?
-8
What is -14 + -7 + 17 + (0 - -4 - 5)?
-5
What is the value of 11 - (-8 + (-25 - -13) + 29)?
2
What is the value of (-2 - (1 + -7)) + 96 + -101?
-1
Calculate (0 - (3 + 0)) + (-6 - 17 - -13).
-13
Calculate 9 + (9 - 4 - (4 + 1 - 7)).
16
Evaluate 36 - (16 - (-17 + 8)).
11
Evaluate (-1 - (3 + -5)) + 16 + -7.
10
Evaluate -11 + (0 - -33) + 23 + -27.
18
What is the value of (-11 - -1) + (2 - (-7 - -4 - 2))?
-3
Calculate -3 + (-22 - -45) + -7.
13
62 + -13 - 31 - -2
20
23 - (34 + -9) - 16
-18
-358 + 362 - (12 + 0)
-8
(-14 - -15) + -4 + (-2 - 0) + -2
-7
Evaluate -11 + (3 - (-1 - -6)).
-13
Evaluate -5 - (-2 + -14 - (25 + -25)).
11
(-4 - 0) + (4 - 12) + 16 + 15
19
(3 - (3 - 1)) + (12 - (6 - 7))
14
What is the value of -600 - -601 - (18 + 0)?
-17
What is the value of (14 - 25) + 36 + -16?
9
What is the value of 8 - (-11 - -5) - 2?
12
Evaluate 8 - 10 - (7 + -3 + 1 - 10).
3
Evaluate -8 + (14 - 12 - -20).
14
What is the value of -26 - -2 - (-10 + -39)?
25
(-5 - (-11 - 3)) + (-1 - 9) + -19
-20
2 + -4 + 1 + 3 + 18 + -6
14
Calculate -17 + 0 + (14 - 3).
-6
What is the value of -13 - (5 - 20) - (5 + -2)?
-1
Calculate -6 + 20 - (-7 + 17).
4
What is -10 - (-13 - (-3 - (-9 - -12))) - 13?
-16
-82 + 70 - (-5 - -5 - -4 - -2)
-18
What is the value of (18 - 12 - -6) + -4 + 6?
14
Calculate (-7 + (0 - 0) - (561 - 569)) + -9.
-8
Evaluate (9 + (-27 - -18) - (2 + 17)) + 1.
-18
Evaluate 41 + -95 - (1 + -23).
-32
(5 - (16 + (-9 - -4) + 3)) + -4
-13
2 + (-4 - (-4 + 4)) + 7
5
Calculate (-3 - (2 + 11) - (24 + -21)) + 4.
-15
-6 + 9 + ((6 - 7) + -4 - -3)
1
Evaluate 166 + -166 + 2 + -9.
-7
What is the value of -3 - -7 - (15 - 7)?
-4
Calculate 1 - -10 - (-7 + 7).
11
Evaluate (-1 - (13 - 18)) + 0 + 1.
5
Calculate 25 + (7 + -38 - -24).
18
Calculate -10 - (1 - (16 + -5 + -3)).
-3
-4 - -25 - (119 + -93)
-5
What is -19 + (4 + -23 - -37)?
-1
(3 - (-10 + 13 - 4)) + 8 + -1
11
-14 - (-11 + (4 - 2)) - (9 - 0)
-14
What is the value of 1 + 0 + 7 - (-9 + 7)?
10
0 + (5 + -11 - 0 - -8 - 12)
-10
Calculate 14 - 2 - 9 - (4 - 1 - -5).
-5
What is (-14 - (-23 + -2)) + -23?
-12
Evaluate -8 + -3 + 16 + 2 + -3 + 2.
6
Calculate 4 - 9 - (-26 + 11).
10
Evaluate -6 + (-2 - (16 - 19)) - (-23 - -2).
16
Evaluate -12 - (19 - -10) - -16.
-25
Evaluate -15 + (33 - (38 + -12)).
-8
What is 27 + (-21 - (-11 - 2))?
19
Evaluate (1 - -1 - 6) + (62 - 76).
-18
What is the value of (10 + -2 - 11) + 4 + 1 - 13?
-11
-4 - (3 + 7 + -7 + -9)
2
-35 + 19 + 26 - 30
-20
What is the value of -9 + -1 - (-3 - (17 + -34) - 59)?
35
24 - (24 + (-34 - -25))
9
Evaluate (-1 - -23) + -118 + 106 - 10.
0
What is 11 + 5 + (-1 + 3 - 4)?
14
What is the value of 21 - (45 + -20) - (-4 + 2)?
-2
Evaluate (-9 - 10 - -20) + -1 + (0 - -12).
12
Evaluate 1 + -7 + 2 + (4 - -11).
11
(10 - 14) + 19 - 30
-15
Evaluate (13 + 6 - 33) + -13.
-27
Evaluate 3 + (-8 + 2 + 7 + -1 - 8).
-5
Evaluate -38 - (4 + -2 + -45 + 33).
-28
What is the value of 48 + 23 + -50 + -12 + 13 + -2?
20
(1 + 3 - 2) + -2 + 618 + -616
2
Calculate -25 - -26 - ((6 - -1) + -2).
-4
2 + (-17 - -14 - -7)
6
Calculate (-3 - (0 + 3)) + -7 + 3 + 1.
-9
Calculate 0 - (11 - (7 - -4)) - (1 + 0).
-1
(6 - 11) + -7 + 1
-11
What is 0 + (-4 + 33 - 25)?
4
21 + (9 - 20) - 0
10
Calculate -23 + -29 + 8 + 43.
-1
-10 - (39 - 14 - 58)
23
What is the value of 6 + 12 + -28 - -8?
-2
What is 28 + -24 + -1 + (1 + -2 - 1)?
1
Evaluate 62 + -42 - (10 + 1 - (9 + -7)).
11
What is -1 + (37 - 37) + (-1 - -1)?
-1
Calculate -1 + -2 + 3 - (-5 - -5 - 14).
14
Calculate (-9 - -18 - (6 + (1 - 1))) + 27.
30
What is 7 - (-2 + 4 + (-4 + 10 - 11))?
10
19 - (-19 + 37 - -21)
-20
Evaluate (-18 - (28 + -34)) + 19.
7
What is -20 + -4 + -2 + (-19 - -31)?
-14
What is the value of 1 + -3 - (-12 - (7 + 8 + -47))?
-22
Calculate -835 - -842 - (1 - 2 - 9).
17
8 - (-4 + -5) - 29
-12
14 + 1 + (2 - (-6 - 0 - -10))
13
Calculate (13 - 12) + 1 + (8 - 1).
9
701 + -656 + (0 - 24)
21
Evaluate 22 - 9 - 12 - (0 + -4).
5
6 + (11 - (-7 - -32 - 12))
4
Evaluate (-3 - -1) + (274 + -280 - (-1 + 12)).
-19
9 - -2 - (20 - 12)
3
What is -1 - (2 - -19 - (-82 + 74))?
-30
What is the value of (43 - 15) + -2 + 11 + -1 + 0?
36
What is (16 - (-12 + -6)) + -22?
12
-15 - ((-15 - 32) + 9)
23
What is (558 - 555) + -4 + -1 + 0 - 14?
-16
What is -7 + (6 - (-7 - 0)) + -2 + -9?
-5
Evaluate -16 - ((19 - 23) + -11).
-1
Evaluate -6 + -5 + 4 + -1 + 18.
10
Calculate 4 + 29 + (-17 - -7 - 3).
20
What is -71 + 45 + (2 - 5)?
-29
Evaluate -5 + 14 - (-19 - -40 - 25).
13
Evaluate -18 + (-1 - -9 - -1 - 0).
-9
Evaluate -18 + 24 + (9 - 20).
-5
Evaluate 3 - ((11 - (6 - 0)) + (-4 - 0)).
2
3 + (10 + -17 + 10 - 10)
-4
Calculate (1 - 13) + 0 + -3 + (-203 - -205).
-13
-11 - 5 - 12 - -42
14
Calculate (-1 - 5) + 14 + -26 - -11.
-7
Calculate (15 + 1 - 6 - 1) + -4 + 1.
6
What is the value of -50 - (-21 - (-10 + 19))?
-20
Calculate 23 + -5 + 0 + 6.
24
What is the value of -3 + 10 + -1 + -11 - 5 - 12?
-22
(-28 - -7) + (-16 - -22) + -14
-29
Calculate -14 + -8 + 21 + -4.
-5
(109 - 133) + (2 - 8) + 2 + -2
-30
What is -5 - 10 - (-24 + 16)?
-7
Evaluate 9 - (-14 + 0 + 23).
0
What is -5 - 2 - (-6 - -4)?
-5
Calculate -6 + 2 - -1 - (2 + -10) - 22.
-17
What is 1 - 6 - (11 + 20 + -39) - -9?
12
(-4 - -10) + 17 + 0 + -2
21
What is 6 - ((-11 - -29) + -1 + 5) - -11?
-5
Evaluate 11 - (-6 - (-12 + 7 - -5)).
17
What is 2 + -6 + 0 + 20 + 3 + -4?
15
What is 14 - (24 + (2 - 19))?
7
Evaluate 125 + -56 - (-2 + 38).
33
Evaluate -8 + (2 - -1) + (12 - (18 + -11)).
0
Calculate 20 - (3 + 15) - ((-4 - -4) + -5).
7
6 - 2 - -1 - (-9 + 33)
-19
What is (2 - -7 - 5) + 5?
9
Evaluate 18 + -3 + -9 + 3 + -7 + 0.
2
What is -3 - (0 + 3) - (-5 - 3 - 2)?
4
-12 + 5 + 40 - (-96 + 107)
22
What is the value of (-22 - -21) + 11 + -30 + 1?
-19
What is the value of 4 + (0 + -18 - -22)?
8
What is the value of 62 + -71 - (0 - -7)?
-16
Calculate -7 + (9 - 9 - -10).
3
-2 + -5 - (-69 + 71 - (-1 - 7))
-17
What is 1 - 0 - 24 - (-40 + (89 - 59))?
-13
Calculate -2 + 5 + 1 - (-272 + 277) - 13.
-14
What is the value of (-9 - -11) + -12 - -3 - (-1 - 6)?
0
Evaluate 3 + 17 + -7 - 7 - (-1 - 5).
12
What is the value of 3 + -2 - (65 - 66)?
2
What is -7 - (-25 + 7 + 8)?
3
Evaluate -2 - 17 - (3 + -33).
11
What is -24 + (-5 - (-27 - -13))?
-15
Evaluate (-19 - -3) + (69 - 52).
1
What is 29 + -38 - (5 + -3 - -1)?
-12
What is the value of -15 - 7 - -23 - (-6 + (0 - 2))?
9
Calculate (2 + -10 - -1) + (13 - 25 - -6).
-13
Evaluate (-2 - -2) + (-14 - (2 - 19)).
3
What is (53 - 52) + 25 + (0 - (-1 + 1))?
26
What is 12 - (-1 - ((-11 + 12 - 13) + -28))?
-27
Calculate -32 + (26 - -4) - (-2 - 28).
28
Calculate -18 - (-8 - (-32 + 22)).
-20
What is 15 - (3 + 4) - 1 - -9?
16
What is the value of -14 + (1 - (-1 + -5)) - (3 + -6)?
-4
Calculate 8 - 1 - (2 - (-17 + 1 + -6)).
-17
Evaluate (2 - 12 - (11 + -14) - -20) + 3.
16
Evaluate -6 + 48 + -49 + 6 + (-2 - -4).
1
Calculate -20 - (-21 - -4 - -4) - (-26 